se -50*d + b*d = -920. What is the hundreds digit of d?
2
Suppose 5*g - 38*g = -33. What is the units digit of g?
1
Let b(a) = 3994*a + 2026. What is the thousands digit of b(12)?
9
Suppose 17 = 8*w - 7. Suppose -4*x + 5*r + 891 - 29 = 0, -660 = -w*x - 3*r. Suppose x = 6*y - 328. What is the tens digit of y?
9
Suppose 0 = 2*y - 33 - 201. Let w = y + 267. What is the tens digit of w?
8
Let j be ((-4)/3)/(10/(-15)). Suppose -j*l + 12*l = 90. What is the tens digit of 19 + (-1 - -5 - l)?
1
Let b(o) = -5*o + 35. Let d be b(-8). Let x = 161 - d. What is the units digit of x?
6
What is the hundreds digit of (-8)/68 + (135100035/(-255))/(-9)?
8
Suppose -4*w + 2*c = 221 - 1179, -5*w + 1178 = 4*c. Suppose -2*g = -7 + 3. Suppose 3*l - w = -j, -292 = -g*l - 2*l + 5*j. What is the units digit of l?
8
Suppose 6*x = -4*x. Let r(n) = n**2 + 3*n + 4. Let i be r(x). Suppose 5*a - 331 = -2*h, 0 = -i*h - 0*h + 12. What is the units digit of a?
5
Suppose s = 3147 - 732. What is the tens digit of s?
1
Let x(l) = -3*l + 64. Let a(w) = -2. Let i(j) = -1. Let f(n) = 6*a(n) - 11*i(n). Let g(t) = 2*f(t) + x(t). What is the tens digit of g(0)?
6
Suppose -3*u + 8 = 2. Let z(o) = 3*o**2 + 47*o + 325. Let y be z(-7). Suppose 0 = u*h - 5*k - y, 2*k + k - 267 = -3*h. What is the units digit of h?
4
What is the thousands digit of (-20)/50 + 421356/15?
8
Let v be ((-5)/10)/((-4)/16). Suppose m - z - 301 = 671, -2*m + 1932 = v*z. What is the tens digit of m?
6
Suppose 5*v - 59774 = 2*z, -7*z + 6*z = -3*v + 35864. What is the thousands digit of v?
1
Let i(x) = -784*x**3 - 5*x**2 - x + 1. Let n(j) = -j - 17. Let t be n(-16). What is the hundreds digit of i(t)?
7
Let v = 76294 + -43337. What is the ten thousands digit of v?
3
Let s(d) = -12 + 5 + 18*d - 8 - 4. Let r be s(14). Suppose 0 = -q - t + r, q + 4*t - 462 = -q. What is the tens digit of q?
3
Suppose 0 = 4*a - 5*b - 11489, 5*a = -3*b - 0*b + 14352. Suppose 4*p + 403 = a. What is the units digit of p?
7
Let x(d) = 1274*d**2 + 4*d. Let m be x(-3). Suppose 0 = 12*g - m - 7170. What is the hundreds digit of g?
5
Suppose -5*l = 3*s + 17, 5*s - 13 = 3*l - l. Suppose -s = 2*n - 13. What is the tens digit of (7/(7/3))/(n/232)?
1
Suppose 7*j + 18 = -2*j. Let k be (j - -2) + 1 + -1. Suppose 331 = 4*c + r, k = -4*r + 13 - 33. What is the units digit of c?
4
Suppose -f = -0*f - 5. Let y be (-1375)/(-75)*36/15. Suppose y + 371 = f*w. What is the units digit of w?
3
Let p = 1313 + -693. Let s = p + -332. What is the tens digit of s?
8
Let q(c) = -3*c**3 + 15*c**2 + 5*c + 10. Let h be q(5). Suppose 49*n - 7196 = h*n. What is the tens digit of n?
1
Suppose -17*o = -13*o - 16. Let n be (o/(24/(-22)))/(1/3). Let m = n + 131. What is the tens digit of m?
2
Suppose -2*f + p + 185 = 2*p, -4*p + 470 = 5*f. Suppose 92*c - 936 = f*c. What is the hundreds digit of c?
4
Suppose -2*d - 1081 = -299. Let n = 617 + d. What is the hundreds digit of n?
2
Let m(i) = 8*i**2 + 28*i + 16. Let o(h) = h**2 + 1. Let r(s) = m(s) - 6*o(s). Let f be r(-14). What is the hundreds digit of f/65 + 2052/13?
1
Let i = -227 + 228. What is the units digit of (-10902)/(-27) + ((-11)/(-9) - i)?
4
Let m = 1575 + -937. What is the tens digit of (m - 34) + 1 + -2 + 2?
0
Let t = -12 + 90. Let l = -182 + t. Let n = l - -189. What is the units digit of n?
5
Let t(j) = 458*j**2 - 74*j - 234. What is the tens digit of t(-3)?
1
Suppose 72*j = -202*j + 13811792. What is the tens digit of j?
0
Let d(i) = -2*i**2 - 13*i + 25. Let r be d(-8). Let p(h) = r - 5 + 0 - 46*h. What is the tens digit of p(-5)?
2
Let z = 693 + 2113. Suppose -7940 = -6*b + z. What is the hundreds digit of b?
7
Let k = -111 - -115. Suppose 0 = -8*m + k*m + 600. What is the hundreds digit of m?
1
What is the tens digit of -1*1 + (74 - 71) - -202?
0
Let m(k) = 88*k + 149. Let n be m(10). Suppose 3129 - n = 2*u. What is the thousands digit of u?
1
Let f = -4115 - -15980. What is the units digit of f?
5
Suppose 3*j = -2*a + 41446, 3*j - 22338 = 2*a - 63748. What is the units digit of a?
4
Let r = -771 + 771. Suppose -41*a - 8*a + 69776 = r. What is the tens digit of a?
2
Let x be (-5 - (1 + -5)) + 10/(-2). What is the units digit of (-2719)/x + 2/(-12)?
3
Suppose 0 = -4*d - 3*m, 0 = 3*m + m + 16. Let y(o) = -2*o**2 + 3*o + 3. Let n be y(d). What is the tens digit of (58/6)/((-2)/n)?
2
Let l(y) = y**3 - 3*y**2 + 2*y. Let x(h) = -h + 8. Let u be x(6). Let i be l(u). Suppose -k - 2*k + 5*v + 47 = i, -4*v = -8. What is the units digit of k?
9
Suppose -308*k + 454*k - 310250 = 0. What is the tens digit of k?
2
Suppose 3*x + 11249 = 2*y, 113*y - x - 11251 = 111*y. What is the units digit of y?
6
Suppose -2*n + 22*w = 26*w - 20832, -w + 10415 = n. What is the units digit of n?
4
Let i(x) = -1158*x - 966. What is the tens digit of i(-8)?
9
Suppose -22 = i + 3*l, 3*i + 0*i - 2*l + 55 = 0. What is the thousands digit of ((-8)/12)/(i/42408)?
1
Suppose -11*d + 3*d = 9688. Let a = d + 1783. Suppose -k + 4*k + 453 = 4*c, 5*c + 2*k = a. What is the hundreds digit of c?
1
Let w(o) = 13*o**3 + 2*o**2 + 13. Let a(b) = b**2 + 23*b - 47. Let z be a(-25). What is the tens digit of w(z)?
8
Let z(g) = g**2 + 12*g - 12. Let l be z(-11). Let y = -19 - l. Suppose -y*n - 14 = -6*n. What is the units digit of n?
7
Let c = 74 + -69. Suppose -c*h + 900 + 145 = 0. What is the tens digit of h?
0
Let h(r) = r + r + 15*r**3 - 3*r**2 + 0*r - 20*r**3. Let p be h(1). What is the tens digit of p*3/(6/(-11))?
3
Suppose -19*t + 1400 = -23*t + 4*a, 0 = -5*t - 4*a - 1768. Let i = 762 + t. What is the tens digit of i?
1
What is the hundreds digit of (2/(-6))/((-5)/10) - 15892/(-3)?
2
Let y = -84339 + 136227. What is the units digit of y?
8
Let o be (-16)/72 + 2744/36. Let j = 2235 + -1015. Suppose 0 = -9*u + j + o. What is the hundreds digit of u?
1
Suppose 60*b - 1342213 = 807587. What is the ten thousands digit of b?
3
Suppose 4*y - 72 + 52 = 0, -141820 = -5*f + 3*y. What is the hundreds digit of f?
3
Let x(v) = 4759*v + 503. What is the thousands digit of x(7)?
3
Suppose -k - 2*q = -2*k + 4, 0 = -2*q + 6. Let h(m) = -k*m + 2*m**2 - 3 - 3*m**2 + 2*m - 2*m. What is the units digit of h(-9)?
6
Let z = -2268 + 9034. What is the tens digit of z?
6
Let z be (-1 - -3 - -1)*134/(-3). Let j = -132 - z. Suppose j*d = -89 + 567. What is the tens digit of d?
3
Suppose 8*o - 5*o + 36 = 0. What is the hundreds digit of 2525/(-10)*1/(15/o)?
2
What is the units digit of (0 + -1)/((-649)/38405873)?
7
Let t(p) = -p**2 - 2*p. Let l(x) = 57*x**3 + 7*x**2 + 10*x + 2. Let j(r) = -l(r) - 5*t(r). What is the tens digit of j(-2)?
4
Let v(w) = -5*w**2 + 5*w + 1. Let o(q) = -q**2 + 1. Let u(d) = -4*o(d) + v(d). Let g be u(4). What is the tens digit of 180/12*(11/5 - g)?
1
Let x(r) = 2995*r**2 - 16*r - 17. Let s be x(-1). What is the units digit of (-44)/33*s/(-8)?
9
Let m(i) = 7*i**3 - 7*i**2 - 20*i - 6. Let z(l) = 15*l**3 - 15*l**2 - 41*l - 12. Let r(a) = 13*m(a) - 6*z(a). What is the hundreds digit of r(7)?
1
Let k = -6061 - -8448. What is the tens digit of k?
8
Let w = -164 - -158. What is the tens digit of 72 - (-1 - (-24)/w)?
7
Let f = 299 - 299. Suppose i - 5*w = 5*i - 1113, 5*i - 4*w - 1381 = f. What is the units digit of i?
7
Let v(s) = 208*s**2 + 33*s - 230. What is the tens digit of v(8)?
4
What is the units digit of (50826/12 + -7)/(21/154)?
9
Let o = -8023 + 12945. What is the hundreds digit of o?
9
Let x(f) = -f**2 + 38*f + 14. Let l = 189 - 164. What is the tens digit of x(l)?
3
Let m = -181 + 184. Suppose 1328 = 2*h - 4*o + 6*o, m*h - 3*o - 1998 = 0. What is the units digit of h?
5
Let s(n) = 1104*n - 17. What is the tens digit of s(3)?
9
Let h(f) = 3*f**3 + 17*f**2 + 8*f - 1. Let t be h(-5). Suppose t*b + 22*b - 22940 = 0. What is the hundreds digit of b?
7
What is the hundreds digit of (1638/(-65))/((-9)/450)?
2
Let g = 79 - 85. Let y be 0/(0 - g/2). Suppose 2*d - 55 - 37 = y. What is the tens digit of d?
4
Suppose 0 = -t, -5*t - 125 = 12*l - 7*l. What is the units digit of 5*(10/l - -1)?
3
What is the tens digit of (8 + (-7 - 0) + 75)*662/4?
7
Let z(j) = -3*j + 5. Let q be z(2). Let i = 4 - q. What is the tens digit of (-12304)/(-80) - 1/i*-1?
5
Let d = 1208 + 30310. What is the ten thousands digit of d?
3
Let y(p) = -2*p - 15. Let h be y(-15). Suppose 3*q - 17